= 1011022 - 418683. Is u a composite number?
True
Let y(l) = 2269*l**2 - 60*l + 556. Is y(7) a composite number?
False
Let v(z) = 26*z**2 + 14*z + 241. Is v(-11) a composite number?
True
Suppose y - 6 - 10 = 0. Is 2/y*4 - (-9746)/4 composite?
False
Is 6463577/7 - (-90)/(-1470)*-14 composite?
False
Suppose 3*h = 2*l - 72, 2*l = -4*h + h + 48. Suppose -9*c - 68271 = -l*c. Is c composite?
False
Suppose -6*o + 3*o + 121671 = 0. Let r be ((-4)/5)/2 - o/(-55). Suppose 64*x = 63*x + r. Is x a prime number?
False
Suppose 0 = -2*r - 40*p + 44*p + 187602, -p = -4*r + 375197. Is r composite?
True
Let x(p) = -302*p + 27. Let a = 45 + 59. Let b = a + -112. Is x(b) a prime number?
False
Suppose -16*z = -7016 - 5448. Let m = 1620 - z. Is m prime?
False
Let f = 781 + -752. Suppose -66993 = -32*i + f*i. Is i prime?
False
Suppose 4*z = 5*q - 285, 0 = -5*q - z + 338 - 78. Is 66/(-24)*-4*q prime?
False
Let n(k) = -17*k**3 - 3*k**2 + 3*k + 9. Let o be n(-5). Let i = -407 + o. Is i a composite number?
False
Let r(o) = 1839*o**3 - 17*o**2 + 122*o - 1099. Is r(8) a composite number?
True
Let d(j) be the third derivative of -7/8*j**4 + 0*j - 5/3*j**3 + 0 + 21*j**2. Is d(-3) a prime number?
True
Let n(m) = -m**3 + 8*m**2 - 3*m - 4. Let h be n(7). Is (-6)/h*-10*4222/5 composite?
False
Let m(g) = 7*g**3 - 14*g**2 + 16*g + 15. Let p = 413 - 402. Is m(p) composite?
True
Is ((-1)/(-2))/((-50)/(-42665500)) a composite number?
True
Let w(j) = 6*j**2 + 3*j - 16 + 10*j - j - j. Is w(3) prime?
True
Let r = -11051 - -7103. Let k = r + 10751. Is k prime?
True
Let s = -99 + 21. Let b = 89 + s. Is (-2)/(-13 + b + (-8392)/(-4198)) prime?
True
Let a = 22 + -20. Let u(v) = v**2 - 5*v + 6. Let l be u(a). Suppose -k - 1493 = -2*i, -3*i - 2*k + 3*k + 2238 = l. Is i prime?
False
Let y(o) = 55*o**2 + 465*o + 15. Is y(-128) a composite number?
True
Suppose 11*b - 44 = 7*b. Is 14/77 - (-1956)/b composite?
True
Let t(k) = k**3 + 28*k**2 + 112*k - 52. Is t(37) prime?
True
Let i be -10*15/10*2/(-3). Suppose 0 = -8*h + i*h - 1006. Suppose -2*c + 5*s - h = -4*c, -5*s - 259 = -c. Is c a composite number?
True
Suppose -95*x + 1080905 = -60*x. Is x composite?
True
Let a be 48631/(-7) - ((-80)/(-14) + -6). Let s = 11332 + a. Is s a prime number?
False
Let z(b) = -137*b + 159. Let h be z(-6). Suppose -12*r + 11193 = h. Is r prime?
False
Let w(p) = 5483*p + 2593. Is w(6) a prime number?
True
Suppose 3*r + 17 = m, 0*m = -m + 5*r + 27. Let g be (1/(-2))/(2/(-20)). Suppose 2*v = m*c - c + 441, 0 = -c + g. Is v a composite number?
False
Let d(y) = -484*y**3 + 3*y - 2. Let r be d(1). Let v = r + 281. Let t = -107 - v. Is t a prime number?
False
Let s(b) = 4*b**3 + 16*b**2 + 67. Let y(c) = -c**3 - 18*c**2 - 25*c + 126. Let j be y(-16). Is s(j) a prime number?
False
Suppose -385824 = -24*h - 0*h. Suppose 53553 = 11*u + h. Is u a composite number?
False
Suppose 149*z - 8 = 151*z, -2*z - 2424763 = -5*y. Is y composite?
False
Let y be (15/((-375)/(-10)))/((-1)/(-10)). Suppose 4*s + f - 6358 = 3*f, -s = -y*f - 1579. Is s a prime number?
False
Suppose -2*a - 5*i + 164 = -244, a + 3*i - 205 = 0. Let k be a + 1 + 3 + -3. Let g = 991 + k. Is g composite?
True
Suppose 143*f = 88*f + 675332 + 179423. Is f a composite number?
False
Suppose -119*r + 3595313 - 312188 = -1880404. Is r a composite number?
False
Let v be (-8)/(-28)*85 + 4/(-14). Let d be (-2146)/3*v/(-16). Let p = d - 502. Is p a composite number?
False
Suppose -2*b + 5*j - 10 = 0, -4*j - j = -3*b - 15. Let o(d) be the first derivative of 13*d**3 + d**2 - 10*d - 42. Is o(b) composite?
True
Let b(k) = 556*k**2 - 3*k - 1. Suppose 5*r + 5 = -5. Let i be b(r). Suppose w - i = -848. Is w a composite number?
False
Let o(i) = 7*i - 104. Let r be o(14). Is 6831 + (3 - -3) - r a prime number?
False
Suppose -41*v + 65*v = 234535 - 12895. Is v a prime number?
False
Let o(r) = 56 - 19*r**3 + 0*r**2 - r**2 - 78 + 9*r**3. Is o(-7) composite?
False
Let a = -8916 + 101669. Is a prime?
True
Suppose 0 = -w - 194 + 204. Is 6/w + 272888/20 a composite number?
True
Let s(f) = 21*f - 18. Let d(w) = 1. Let b(j) = 4*d(j) - s(j). Suppose 5*x + 45 = 2*v - 7*v, -x + 2 = 0. Is b(v) prime?
False
Suppose 0*h = 5*h + 10, 5*f - 5*h - 3210 = 0. Let o = f + -425. Suppose 2*u = 2*y + 102, -2*y + o = 5*u + y. Is u a composite number?
True
Suppose 2*s = -10 + 38. Is (s + -3 - 2) + 2 prime?
True
Suppose -4*f + 13*f - 117 = 0. Suppose f = g + 17. Is -1*157*(-3 + g) composite?
True
Let u = 1140171 + -443836. Is u composite?
True
Is -12 + (-428)/(-36) - ((-761041)/9 + 1) composite?
False
Suppose -92524 = 3*t - 2*i + 205612, 2*t + 198732 = -5*i. Is 1/(-4*4/t) a prime number?
True
Suppose 7*s + 0 + 7 = 0. Let t be ((-6)/(-4))/(6/(-304)*s). Suppose 0 = -2*f + 186 + t. Is f a prime number?
True
Suppose 16444567 = -2691*k + 2732*k. Is k prime?
True
Suppose 8*x - 24 = 24. Suppose 1445 = x*q - 2797. Is q composite?
True
Let a(w) = -w**3 + 7*w**2 - 4*w - 9. Let o be a(6). Let c(z) be the first derivative of 2*z**4 + z**3/3 - 5*z**2/2 + z + 2. Is c(o) composite?
False
Let p = -57428 + 166371. Is p a prime number?
True
Suppose 2*c + 2*q = 12, 4*c + 20*q - 22*q - 36 = 0. Is 4199 - (-4 + c/4) composite?
False
Is (((-411458)/1)/(30/5))/(2/(-6)) prime?
False
Suppose r = 4*d + 6*r - 14, 0 = 2*d - r - 14. Suppose 4*p - d*p + 20 = 0. Suppose c = 139 + p. Is c a prime number?
True
Suppose 181*z - 174*z = 784. Is 235104/z + (-1)/7 a prime number?
True
Let k(f) = 1297*f**2 + f + 7. Let l = -147 + 149. Is k(l) a prime number?
True
Suppose 4*m + 151 = -5*o + 55, -3*o = -m - 41. Let u = m - -47. Is ((1437/5)/3)/(u/90) composite?
False
Let d(r) = 81*r + 5*r - 109 + 74 + 88. Is d(30) a composite number?
False
Suppose -49*o - 3*r - 98 = -50*o, 4*r = 2*o - 200. Suppose 4*x + 8 = 0, 101*x = -4*u + o*x + 40714. Is u composite?
False
Let w(r) = 723*r**2 - 11*r + 9. Let l(b) = -362*b**2 + 6*b - 5. Let i(z) = -9*l(z) - 4*w(z). Let a be i(7). Suppose 4*h - 17939 = a. Is h prime?
False
Let r(h) = 40*h**2 + 114*h - 35. Is r(-49) composite?
True
Suppose -3*i + 4*z + 3247 = -6523, -4*i - 4*z + 13036 = 0. Let d = -1715 + i. Is d composite?
False
Is (-6 - -2*(-9149921)/(-44))*2 composite?
False
Let b = 232 + -223. Suppose -681065 + 211364 = -b*a. Is a a prime number?
True
Let o = -147 - -109. Is (2/(-19) - (-490)/o)*-37 composite?
True
Let u(f) = -12*f + 18. Let b be u(-13). Suppose -b = 4*m + 3*h, 2*h = -5*m - 2*h - 217. Is (-1654)/(-5) + (-9)/m prime?
True
Suppose -11*w - 3*w = -45315 - 331943. Is w a prime number?
True
Suppose 0 = 2*u + 6*i - 3*i + 5, 2*i + 10 = 2*u. Suppose 14*w + u*b = 18*w - 7188, w - 1803 = -b. Is w a composite number?
True
Let t = 202398 - 129785. Is t a composite number?
False
Suppose -7*v - 13*v = -58120. Let h = 5110 + -250. Suppose -3*z - y = -v, h = 10*z - 5*z + 5*y. Is z prime?
True
Let i(b) be the third derivative of -b**7/72 + b**6/144 + 11*b**5/20 - 10*b**2. Let r(v) be the third derivative of i(v). Is r(-5) composite?
True
Let k(m) = m**2 + 7*m - 39. Let i be k(4). Suppose -w = 5*d - 6758, 3*d = i*w - 32039 - 1667. Is w prime?
False
Let i = 112 - 110. Suppose -4*p + 2*p = -k + 71, 0 = 5*k + i*p - 331. Is k prime?
True
Let i(t) = -1283*t**3 + 2*t**2 - 7*t - 31. Is i(-3) prime?
True
Suppose 0 = 501*a - 470*a - 4108121 - 89038850. Is a a prime number?
True
Let o be -24 + 26 + (-2 - -4439). Let j = -1140 + o. Is j a composite number?
False
Let n be (-25)/100 + 530/8. Let t(y) = 2 + n*y + 53*y - 8 - 2. Is t(5) prime?
True
Is 1 + -1 - ((-250)/(-25) - 261891) prime?
True
Suppose 7*r = -40*r - 40*r + 16958823. Is r composite?
True
Let l be -1 - -4 - 6914/(-1). Let q = -1852 + l. Suppose -16612 = -9*w - q. Is w prime?
True
Suppose 0 = -3*r - 24 - 24. Let p be (-6)/r - (-376784)/128. Suppose 4*g + 412 = p. Is g a composite number?
True
Suppose a + 2*p = -0*a + 122491, 367468 = 3*a + p. Is a prime?
True
Let m = 58975 + 122828. Is m a prime number?
False
Suppose 0 = -x - 6 + 10. Suppose -5*d + d = x*w, -4*d + 6 = -2*w. Let r = w - -14. Is r composite?
False
Let j = 97 - 102. Let w be 30/(-10) - (0 + j). Is (w + 0/(-1))/((-6)/(-4071)) composite?
True
Is ((-97268)/20)/((-4)/20) a composite number?
False
Let d = 230325 + -161570. Is d a composite number?
True
Let i(y) = 23*y**2 - 9*y + 11. Let o be (-6)/(-5)*(16/